*n = 22, 18*z + n - 14 = 16*z. Calculate the highest common divisor of z and 5.
5
Suppose 3 = -3*h, 3*v + h - 965 = 105. Let l = v + -142. Calculate the highest common factor of l and 172.
43
Let o = -2 - -7. Suppose 2*r - 6 = -r - 4*c, 2*r + o*c = -3. Let x(p) = p**2 + 85*p - 837. Let q be x(-94). Calculate the greatest common divisor of r and q.
3
Suppose 100*k - 1022580 = -160*k. What is the greatest common divisor of 1368 and k?
171
Suppose h - 1 = 16. Let r(d) = 2*d**3 - 6*d**2 + 461*d - 1808. Let w be r(4). Calculate the highest common factor of h and w.
17
Let h = -258 - -314. Let o(g) = g - 6. Let b be o(6). Suppose 3*l - l - 280 = b. Calculate the highest common divisor of l and h.
28
Let g(x) = -3*x**2 + 2*x - 2. Let t be g(2). Let d(y) = -y**2 - 41*y - 311. Let s be d(-22). Let b = s - t. Calculate the greatest common factor of b and 13.
13
Let h = -11 + 155. Let j = 124 + -243. Let k = j + h. Calculate the greatest common factor of k and 25.
25
Let v(o) = -6*o**2 + 26*o - 22. Let u(j) = 2*j**2 + j - 1. Let w(b) = 4*u(b) + v(b). Let x be w(-16). Calculate the highest common divisor of 30 and x.
6
Let m be 7 - (40/32 + (-1)/4). Let n(j) = -17*j + 2 - 4 + 6 - 1. Let g be n(-3). Calculate the highest common divisor of g and m.
6
Suppose -7835 - 20095 = -17*a - 21*a. What is the highest common factor of 245 and a?
245
Let w(l) = -27*l + 6. Let h be w(-1). Suppose 0 = 3*j - 15, 2*s - 810 = -3*s + 3*j. Calculate the greatest common divisor of s and h.
33
Suppose 0 = 37*d + 1463 - 9233. Suppose 0 = -3*g + 6, 3*i - 5*g + 289 = -96. Let s = d + i. Calculate the highest common factor of s and 17.
17
Let k(j) = -5*j**2 + 23 - 51 - j**3 - 8*j + 22. Let c be k(-4). Let t be 5/c*(0 + 26). Calculate the highest common factor of 65 and t.
13
Let v be 0 - (0 + 1 + -870 - -1). Suppose 11 = a - 3. What is the highest common divisor of v and a?
14
Let y = -11 - -75. Let w be (-1)/((-6)/972) + 8/(-4). What is the greatest common divisor of w and y?
32
Let v(p) be the second derivative of -p**4/4 - 25*p**3/6 - 10*p**2 - 101*p. Let a be v(-5). What is the greatest common divisor of a and 80?
10
Suppose 672 = -15*d + 5292. Calculate the highest common factor of 1694 and d.
154
Suppose -o - 12 = -6*y + y, 0 = -4*y + 16. Let m be 3730/18 - o/36. Let t be 4 + 21 + (-14)/7. What is the greatest common factor of t and m?
23
Let p be (2071 + -1)/((-124)/(-124)). Calculate the greatest common divisor of p and 12.
6
Let t = 2389 + -2324. What is the greatest common factor of 15 and t?
5
Let j = 584 - 836. Let m be 1*2/4 + j/(-72). What is the highest common factor of 120 and m?
4
Let r(s) = -115*s + 41. Let y be r(-4). Calculate the highest common factor of y and 33.
3
Let l(u) = -67*u - 454. Let f be l(-28). What is the greatest common divisor of 316 and f?
158
Suppose 2*j = 4*i + 1834, -20*j + 18*j + 2291 = -5*i. Let h = 597 + i. What is the highest common divisor of 70 and h?
70
Let g(a) be the first derivative of -7*a**2 + 170*a - 24. Let k be g(4). Calculate the highest common divisor of 627 and k.
57
Suppose 0 = -r + 2*h + 1312, h + 1172 + 1464 = 2*r. What is the greatest common factor of r and 4?
4
Suppose -5*n - 6*q + 5*q + 192 = 0, 2*q + 6 = 0. Suppose -2*t = -5*o + 263, 2*o = 3*t + n + 75. Calculate the highest common divisor of o and 17.
17
Let w(a) = 5*a**3 - 4*a + 4. Let h be w(1). Suppose -4*s = h - 25. Suppose r = s + 1. What is the highest common factor of 42 and r?
6
Suppose 0 = -2*j - 14, 0 = 5*t + 5*j + 2701 - 15601. What is the highest common divisor of t and 221?
13
Let f(r) = -3*r + 2*r**3 - 5*r**2 - 2*r + 2*r - 2. Let i be f(5). Suppose 13136 = 364*q + 32. What is the highest common divisor of q and i?
36
Let w(o) be the third derivative of -o**6/120 + o**5/15 + 11*o**4/24 - o**3 + 59*o**2. Let h be w(-3). What is the highest common factor of 126 and h?
6
Let i = -9258 - -9274. Calculate the greatest common divisor of i and 108.
4
Let w = -3730 + 3830. Calculate the highest common divisor of w and 1780.
20
Suppose -1777*r - 5202 = -1794*r. What is the greatest common divisor of r and 36?
18
Suppose -2287 = 5*z - 2917. Calculate the highest common factor of z and 3906.
126
Suppose 4*i - 2*o = 116, -23*i + 18*i = -5*o - 145. What is the highest common factor of i and 3567?
29
Let p(u) = -33*u + 390. Let j be p(12). Let d(t) = -23*t - 133. Let i be d(j). Calculate the highest common factor of i and 565.
5
Let s(h) = h**2 + 21*h + 1. Let p be s(3). Let a = 82 - p. Suppose -65 = -q - 3*x, 4*q + a - 269 = -3*x. Calculate the highest common factor of q and 13.
13
Suppose -2*b = 4*o - 38, 46 = 19*o - 14*o + 4*b. Calculate the highest common factor of 232 and o.
2
Let m be ((-72)/(-20))/(4/10). Suppose 5*b = y - 141 - 61, 0 = -2*b - 16. What is the highest common divisor of m and y?
9
Suppose 4*h = 5*a - 754, 2*a = -2*a + 5*h + 605. Let u(n) = -65*n - 2325. Let y be u(-36). What is the greatest common factor of a and y?
15
Suppose 0 = -4*m - r + 40, -5*r = -5*m - 4*r + 50. What is the highest common divisor of m and 1630?
10
Suppose 51*q - 1720 = 46*q. Suppose 0 = -k - 5*p - 2, -8*k + 9*k = 4*p + 16. Calculate the greatest common divisor of q and k.
8
Let z(y) = 1103*y + 24538. Let h be z(-22). What is the highest common divisor of h and 1751?
17
Let m be (((-2)/1)/4)/(1/(-2)). Let g(x) = 7*x - 38. Let z be g(7). What is the highest common divisor of m and z?
1
Let w = -1174 + 1528. Calculate the highest common factor of w and 4425.
177
Suppose 260 = 169*c - 165*c - 4*u, 0 = 3*c + 2*u - 170. Calculate the highest common divisor of c and 36.
12
Suppose 0 = 33*p + 380*p + 177 - 6372. Calculate the highest common factor of 955 and p.
5
Let d(q) = 87*q**2 + 502*q - 68. Let b be d(-6). Suppose -3*k - 1 - 11 = 0. Let s be 1/(-2) + (-1042)/k. Calculate the highest common factor of b and s.
52
Let w = -105 + 107. Suppose 3*r - 6 = 3, -3*y + 78 = -w*r. Calculate the greatest common divisor of y and 7.
7
Let b(f) = 8*f**3 - 3*f**2 + 2*f - 8. Suppose -3*l - 4*a = 0, -6*l - 17 = -8*l + 3*a. Let s be b(l). What is the highest common divisor of s and 29?
29
Let w be (-2)/(-2) - (-10)/5. Suppose -z - 22 = 4*j, 4 = -w*j - 5*z - 4. Let i be 17 + 4/8*j. Calculate the highest common divisor of i and 84.
14
Suppose 69 = 5*d - o, 2*d + 76*o - 34 = 78*o. What is the greatest common divisor of 3328 and d?
13
Let y(x) = -77*x + 9. Let d be y(-3). Suppose d = -9*m + m. Let f = 184 + m. Calculate the highest common divisor of 22 and f.
22
Let d = -53 + 79. Suppose m - 203 - 19 = -4*j, -3*m - 2*j = -696. Calculate the highest common factor of m and d.
26
Let p be (-36)/48 - (-111)/12*-1. Let o(l) = l**3 + 11*l**2 + 25*l + 205. Let r be o(p). What is the greatest common factor of 55 and r?
55
Let r = -180 - -176. Let j be (6/r)/(63/(-2436)) - -2. Calculate the greatest common divisor of j and 24.
12
Let f = -10192 - -10202. What is the highest common factor of 19490 and f?
10
Let u(s) = -58*s + 7680. Let p be u(131). Calculate the highest common factor of 328 and p.
82
Let f(a) = -a**3 - 8*a**2 - 11*a - 10. Let u be f(-7). Let p = -323 - -507. Suppose 7*b - 320 = p. Calculate the highest common factor of u and b.
18
Let m(w) = 2*w - 6. Let z be m(11). Suppose 25*o - 11*o = 28. Suppose o*a = a + z. Calculate the greatest common divisor of a and 16.
16
Let l = -27838 - -28090. Let q = -27 + 83. Calculate the highest common divisor of q and l.
28
Let i be -2*402/(-72) - 7/42. Calculate the highest common factor of 913 and i.
11
Let t(k) = -59*k + 157. Let m be t(2). Calculate the greatest common divisor of m and 31.
1
Let q(t) = -5*t + 9. Let u be q(-7). Suppose 3*i = 5*h - 535, 161*h + 445 = 165*h + i. Calculate the highest common divisor of h and u.
22
Suppose 0 = 3*s - 3*c - 207, 5*c = -3*s + 154 + 77. Suppose 2*f = 28 + 58. Suppose 4*n - f = -11. Calculate the greatest common factor of n and s.
8
Let m(r) = 25*r**2 + 69*r + 11. Let z be m(-4). Suppose -12*w + 216 = -8*w. Calculate the greatest common factor of z and w.
27
Let o(m) = 13*m**3 + 3*m**2 - 11*m - 34. Let v be o(-4). Let p = -414 - v. What is the highest common divisor of p and 30?
30
Let q(w) = -w - 12. Let p be q(-6). Let k = p - -10. Let u = -22484 - -22496. What is the greatest common divisor of u and k?
4
